{"id":7197,"date":"2016-11-04T17:45:39","date_gmt":"2016-11-04T15:45:39","guid":{"rendered":"http:\/\/latortue.de\/?page_id=7197"},"modified":"2016-11-25T20:27:05","modified_gmt":"2016-11-25T18:27:05","slug":"bloss-nicht","status":"publish","type":"page","link":"http:\/\/latortue.de\/?page_id=7197","title":{"rendered":"blo\u00df nicht"},"content":{"rendered":"<p>Dometic Toilette CT 3110:<\/p>\n<p>Remis Remitop Dachfenster 40 x 40:<\/p>\n<p>\u00dcbernachtung auf der Autobahnrastst\u00e4tte:<\/p>\n<p>Einweiser beachten und auf sie h\u00f6ren:<\/p>\n<p>Nie auf Keile verzichten und Untergrund ignorieren: <\/p>\n<p>In PT ohne Bargeld unterwegs sein:<\/p>\n","protected":false},"excerpt":{"rendered":"<p>Dometic Toilette CT 3110: Remis Remitop Dachfenster 40 x 40: \u00dcbernachtung auf der Autobahnrastst\u00e4tte: Einweiser beachten und auf sie h\u00f6ren: Nie auf Keile verzichten und Untergrund ignorieren: In PT ohne Bargeld unterwegs sein:<\/p>\n","protected":false},"author":1,"featured_media":0,"parent":0,"menu_order":0,"comment_status":"closed","ping_status":"closed","template":"","meta":{"footnotes":""},"class_list":["post-7197","page","type-page","status-publish","hentry"],"_links":{"self":[{"href":"http:\/\/latortue.de\/index.php?rest_route=\/wp\/v2\/pages\/7197","targetHints":{"allow":["GET"]}}],"collection":[{"href":"http:\/\/latortue.de\/index.php?rest_route=\/wp\/v2\/pages"}],"about":[{"href":"http:\/\/latortue.de\/index.php?rest_route=\/wp\/v2\/types\/page"}],"author":[{"embeddable":true,"href":"http:\/\/latortue.de\/index.php?rest_route=\/wp\/v2\/users\/1"}],"replies":[{"embeddable":true,"href":"http:\/\/latortue.de\/index.php?rest_route=%2Fwp%2Fv2%2Fcomments&post=7197"}],"version-history":[{"count":3,"href":"http:\/\/latortue.de\/index.php?rest_route=\/wp\/v2\/pages\/7197\/revisions"}],"predecessor-version":[{"id":8207,"href":"http:\/\/latortue.de\/index.php?rest_route=\/wp\/v2\/pages\/7197\/revisions\/8207"}],"wp:attachment":[{"href":"http:\/\/latortue.de\/index.php?rest_route=%2Fwp%2Fv2%2Fmedia&parent=7197"}],"curies":[{"name":"wp","href":"https:\/\/api.w.org\/{rel}","templated":true}]}}